2)/j)?
1
Suppose -17*q - 6940 = -9*q - 13*q. What is the remainder when q is divided by 48?
44
Let l(i) be the second derivative of i**5/20 + i**4/4 - i**3/3 + 45*i**2 + 11*i - 1. What is the remainder when l(0) is divided by (-184)/(-6) - 1/(-3)?
28
Suppose -2*j = 2*y - 29 + 5, -2*y = -j. Suppose 0 = -3*b + 5*m - 153, 25*b - m + 141 = 22*b. Let v = b + 77. What is the remainder when v is divided by j?
7
Let u = 222 - 75. Suppose 186*d - 40*d - 3796 = 0. What is the remainder when u is divided by d?
17
Suppose 4*i = 6*k - k + 329, 0 = -4*i - 16. Let a = -51 - k. Calculate the remainder when a is divided by 9 - (-16)/(-1 - 3).
3
Let y = 21 - -709. Suppose 2*x - 300 = -2*w, -3*w = 4*x - y + 135. What is the remainder when x is divided by 49?
47
Let a(o) = -12*o**2 - 542*o + 101. Calculate the remainder when 205 is divided by a(-45).
14
Suppose 5*c - w = 51, -2*c + 22 = -110*w + 108*w. Calculate the remainder when 62 is divided by c.
2
Let o(n) = n**2 + 24*n - 44. Calculate the remainder when 874 is divided by o(-31).
9
Suppose 4*d - 489 = -5*g, 0 = -15*d + 10*d + 2*g + 603. Calculate the remainder when 521 is divided by d.
37
Let z(f) = -f**3 - 13*f**2 + 12*f - 20. Suppose 0 = -6*o + 5*o + 6. Let p be (5*o/15 - 4)*7. What is the remainder when 22 is divided by z(p)?
6
Suppose 4*v - 3*i = -862 - 324, -3*v - 5*i = 904. What is the remainder when (20/5 - 17)/((1/8)/(-1)) is divided by (-2)/7 + v/(-14)?
20
Let u be -3 + -2*-1*(3 - 2). Let h(l) = -64*l - 2. Let r(t) = 10*t**2 + 3*t - 1. What is the remainder when h(u) is divided by r(-2)?
29
Let b = -552 + 336. Let d be (10/(-6))/((-4)/b*9). What is the remainder when 196 is divided by (-6)/d + ((-516)/(-15) - 2)?
31
Suppose -3*h + 28 = 5*f - 52, -18 = -f - h. Let c(n) = -n**2 + 17*n + 29. Let g be c(19). What is the remainder when (1 - 3)*2*g is divided by f?
10
Let c be ((-7)/2)/((-14)/1092). Suppose c*u - 266*u = 84. What is the remainder when 46 is divided by u?
10
Calculate the remainder when ((-24)/(-5))/(6/165) is divided by (17/85)/((-589)/295 - -2).
14
Suppose 3*z - 2 + 17 = 0, 5*z + 50 = 5*a. Suppose 451 = a*s - 34. What is the remainder when s is divided by 53?
44
Suppose 20*l - 13108 = 2812. What is the remainder when l is divided by 38?
36
Let p(z) = 4*z**2 + 14*z - 3. Let f(g) = g**2 - 7*g + 7. Let m be f(4). Calculate the remainder when 67 is divided by p(m).
13
Let i(k) = -5*k - 43. Suppose 39*m + 3*u = 37*m + 350, 3*m - 519 = -3*u. What is the remainder when m is divided by i(-21)?
45
Suppose -7*z + 370 + 925 = 0. Let c = z + 138. Calculate the remainder when c is divided by 104.
11
Suppose 4*y + 2*h - 138 = 0, 135*h = 131*h - 12. What is the remainder when 1079 is divided by y?
35
Let d = -390 + 232. Let g be (-8)/36 + d/18. Let o(r) = r**3 + 7*r**2 - 18*r + 11. What is the remainder when 61 is divided by o(g)?
6
Suppose -6*p + 453 = -5*j - 0*j, 3*p - 231 = j. What is the remainder when 385 is divided by p?
73
Suppose n + 3*a - 31 = 0, 126*n - 5*a = 125*n - 9. Calculate the remainder when 3599 is divided by n.
15
Let j(v) = 16*v**2 + v - 4. Let u = -44543 - -44561. Calculate the remainder when j(-3) is divided by u.
11
Suppose -35*m + 4449 + 4931 = 0. Let p = m + -237. What is the remainder when 213 is divided by p?
27
Suppose -1050 = 208*p - 250*p. Calculate the remainder when 522 is divided by p.
22
Let q = 11413 - 5646. Calculate the remainder when q is divided by 823.
6
Let i(w) = -w**2 - 13*w - 2. Let k be i(-7). Suppose 2*r - 3*o = o + 68, r - 5*o - k = 0. What is the remainder when 0 + -1 - 3*-19 is divided by r?
26
Let j be 126 - (4 + -3)*(-4)/(-2). Let z = -104 + j. Calculate the remainder when (-1 + 3)*38 - -1 is divided by z.
17
Suppose -470 - 11685 = -65*z. What is the remainder when 373 is divided by z?
186
Let j be ((-18)/(-15))/((-30)/100). Suppose 0 = h - 4*x - 37 + 2, -x + 25 = h. Calculate the remainder when (2 - j)/(-24) + (-850)/(-8) is divided by h.
25
Let r be ((-51)/9)/(7/(-336)). Suppose -51*s = -55*s + r. What is the remainder when s is divided by 6/((-4)/(-4))*6?
32
Let q = 32 - -1161. Calculate the remainder when q is divided by 23.
20
Let d(u) = 5*u**2. Let n = 614 + -464. Suppose -2*y - n = -4*p, 2*p - 75 = -3*y - 4. What is the remainder when p is divided by d(1)?
2
Let z(t) = -t**3 - 11*t**2 - 15*t - 52. Calculate the remainder when 561 is divided by z(-11).
109
Let u = 58 - 78. Let v(s) = 2*s**3 + 40*s**2 + s + 57. What is the remainder when v(u) is divided by 17?
3
Suppose 3*k = -5*v - 44 - 4, -2*v - 28 = 2*k. Let p(j) = j**3 + 16*j**2 + 53*j + 25. What is the remainder when 232 is divided by p(k)?
44
Let u = -4565 + 4644. Let g be 2*(-71)/2 + -1. Let k = u + g. Calculate the remainder when 33 is divided by k.
5
Let l(i) = 4*i**3 + 187*i**2 - 51*i - 157. What is the remainder when 563 is divided by l(-47)?
5
Let i = 205 - 111. Suppose 120*h + 242*h + 195229 - 274963 = 225070. What is the remainder when h is divided by i?
90
Let n be -36*(-4 + (-44)/(-12)). Suppose -n + 3 = -3*o. Suppose x = o*x - 142. What is the remainder when x is divided by 37?
34
Suppose 4*h = -16, -x - 4*h = -5*x + 16. Suppose x = -j - 4*u + 21, -5*j + 53 + 1 = 3*u. Let k = 26 + -10. What is the remainder when k is divided by j?
7
Suppose 12*z - 13*z = -g - 47, 0 = 4*z - 5*g - 189. What is the remainder when 83 is divided by z?
37
Suppose 0 = 5*s - 5*c - 2735, 24 = -6*c + 3*c. What is the remainder when 544 is divided by s?
5
Suppose -363274 = -179*m + 399846 - 128565. Calculate the remainder when m is divided by 39.
35
Let a = -10 - -17. Let o be (-3 + (a - 4))*2/(-4). Suppose 4*t - t - 69 = o. Calculate the remainder when t is divided by 9.
5
What is the remainder when 490/(-2940)*(-204)/2 is divided by -7*(40/(-14) - -2)?
5
Let y = -36458 - -36598. Calculate the remainder when y is divided by 8.
4
Let v(h) = 987*h**3 + h**2 - 89*h + 90. Calculate the remainder when v(1) is divided by 169.
144
Let j(p) = p + 6. Let w be j(28). Suppose -5*y = -i + 3, 3*y + w = 5*i - 3*i. What is the remainder when 169 is divided by i?
8
Suppose -3*u + 3*c + 27 = -2*c, 0 = -5*u + 4*c + 58. Suppose u*y - 597 - 495 = 0. Let m = 96 - y. Calculate the remainder when m is divided by 8.
2
Let s(m) = -m**2 + 10*m - 19. Suppose 4*i = -112 + 24. Let y = i - -28. Calculate the remainder when 18 is divided by s(y).
3
Let w be (-1)/2 + 14/(616/4114). Let c = 23 + -13. Suppose -w = c*x - 13*x. Calculate the remainder when 91 is divided by x.
29
Let z = -2 - -21. Let x = 33 - z. Calculate the remainder when (62/10)/(-7*4/(-140)) is divided by x.
3
Let j(p) = 2*p**2 - 6*p - 8. Let a be j(-5). Let w = a - 57. Calculate the remainder when 67 is divided by w.
7
Let c(k) = -k**3 - 16*k**2 + k + 14. Let y be c(-16). Let i = -44 - y. Let m = i - -66. What is the remainder when 39 is divided by m?
15
Let c(o) = -o**2 - 11*o - 13. Calculate the remainder when ((-2)/3)/(10 - 766*(-8)/(-612)) is divided by c(-6).
0
Let l be ((-16)/(-6) + -2)/(2/15). Suppose -l*u = -7*u + 42. Suppose 4*t = -3*a + 150, -1 = -3*a + 5. Calculate the remainder when t is divided by u.
15
Let d(x) = x**2 - 10*x - 17. Let j be 14/8 - 15/20. What is the remainder when d(-4) is divided by ((-28)/4)/((-1)/j)?
4
Suppose 5*o = 6891 + 27029. What is the remainder when o is divided by 31?
26
Let v(s) = 4*s + 34. Let t be v(16). Suppose -4*f = 3*f - t. Let x(c) = -c**3 + 28*c**2 + 31*c - 7. Calculate the remainder when x(29) is divided by f.
9
Let w = 8 - -6. Suppose -101*k + 269*k + 183 - 3207 = 0. What is the remainder when k is divided by w?
4
Calculate the remainder when -5 - (-18 - -17)*210 is divided by 41.
0
Suppose -6*u - 16*u + 4510 = 0. Suppose 5*s - u = -9*h + 4*h, 5*s = -15. What is the remainder when h is divided by 28?
16
Suppose 2*h + 226 = 4*j, -40 = -3*h - 4*j - 419. Let g = h + 171. What is the remainder when g is divided by 18?
14
Let w(c) = -69*c + 53. Let k be w(-19). Suppose 0 = 3*m - f - k, 5*m + 4*f - 1766 - 479 = 0. What is the remainder when m is divided by 35?
33
Let d be (6/4 - 3)*-2. Suppose -5*g + s + 14 = -3, 3*g + d = 5*s. Calculate the remainder when 42 is divided by 3 + 8*g/4.
9
Let w(x) = -2*x**3 + 3*x**2 - 2*x + 1. Let q be w(3). Let h = 77 + q. What is the remainder when h is divided by (-110)/(-8) - -12*(-15)/